 composite number?
True
Is 2324963 prime?
False
Is 2671271 prime?
True
Is 945586 prime?
False
Is 871021 a prime number?
True
Is 29078999 a prime number?
False
Is 190627249 a prime number?
True
Is 3319859 composite?
True
Is 993527 a composite number?
False
Is 409579 a prime number?
True
Is 26293201 prime?
False
Is 3071927 a prime number?
True
Is 5107601 prime?
True
Is 1066723 a composite number?
True
Is 62835439 composite?
False
Is 8412527 a composite number?
False
Is 4325793 a composite number?
True
Is 637924997 prime?
True
Is 4993189 a prime number?
False
Is 224575657 a prime number?
False
Is 11614441 a prime number?
True
Is 12300349 a prime number?
False
Is 820823 a composite number?
True
Is 805633 composite?
False
Is 562387 a prime number?
False
Is 1544245 prime?
False
Is 1033987 composite?
False
Is 120160849 a composite number?
False
Is 115343 prime?
True
Is 207106909 composite?
False
Is 1449857 a prime number?
False
Is 3058579 composite?
False
Is 26984515 a composite number?
True
Is 1905221 a prime number?
False
Is 89469983 a composite number?
False
Is 50667223 a composite number?
False
Is 569599 prime?
True
Is 287601073 composite?
True
Is 75256921 a composite number?
False
Is 28586273 a prime number?
True
Is 75963 a prime number?
False
Is 14162827 a composite number?
True
Is 61169431 composite?
True
Is 29939983 a composite number?
False
Is 72301049 a composite number?
True
Is 4668451 a composite number?
False
Is 9674257 a composite number?
False
Is 5329685 composite?
True
Is 401309 a prime number?
True
Is 18815057 prime?
True
Is 1463029 a composite number?
True
Is 89443 a composite number?
False
Is 254886937 prime?
True
Is 30174977 a prime number?
False
Is 7896689 prime?
True
Is 12064111 a composite number?
True
Is 238417 composite?
False
Is 214236895 a prime number?
False
Is 671777 a prime number?
True
Is 70780837 prime?
True
Is 81457 prime?
True
Is 2381741 composite?
True
Is 13420613 prime?
False
Is 2421893 prime?
True
Is 33874699 a composite number?
True
Is 23528203 prime?
False
Is 319704557 a composite number?
False
Is 20840837 a prime number?
True
Is 73583273 prime?
True
Is 7996021 a composite number?
True
Is 3107359 prime?
True
Is 2532067 composite?
False
Is 56770103 a prime number?
False
Is 2868751 a prime number?
False
Is 24600587 composite?
True
Is 4768003 prime?
True
Is 3930513 prime?
False
Is 1714581953 a prime number?
False
Is 16088921 prime?
True
Is 33743279 a prime number?
True
Is 186054809 composite?
False
Is 484753 prime?
False
Is 56851501 prime?
False
Is 110454893 prime?
True
Is 14291297 composite?
False
Is 7739189 prime?
True
Is 206104321 a prime number?
False
Is 14911201 composite?
False
Is 12660337 composite?
False
Is 58170661 a prime number?
True
Is 31291279 a composite number?
False
Is 105854402 prime?
False
Is 49634291 a composite number?
True
Is 71029067 a composite number?
False
Is 80079971 prime?
False
Is 5499817 composite?
False
Is 57271237 prime?
False
Is 20449097 a composite number?
False
Is 39781757 a composite number?
False
Is 17005813 a prime number?
False
Is 4194179 prime?
False
Is 5413787 a prime number?
False
Is 46247717 a composite number?
False
Is 4418009 composite?
False
Is 3509843 composite?
False
Is 17576771 prime?
True
Is 107067557 composite?
False
Is 28286029 a prime number?
False
Is 2336581 a composite number?
True
Is 4328342 prime?
False
Is 524300033 prime?
True
Is 41920129 a composite number?
True
Is 34069813 a prime number?
True
Is 4181629 a composite number?
True
Is 36293 prime?
True
Is 14013977 a prime number?
False
Is 1190079043 prime?
True
Is 2659931 a composite number?
False
Is 84641199 prime?
False
Is 792959 a composite number?
False
Is 22540711 prime?
True
Is 2420482 a prime number?
False
Is 778105 prime?
False
Is 11294297 a composite number?
True
Is 2021117 prime?
False
Is 689747 prime?
False
Is 114289297 a prime number?
True
Is 190256219 a prime number?
True
Is 506245731 prime?
False
Is 32881015 composite?
True
Is 7839939 a prime number?
False
Is 65749 a composite number?
True
Is 396563 a prime number?
True
Is 500852965 a composite number?
True
Is 305832151 a prime number?
False
Is 3170357 a prime number?
True
Is 37151747 a prime number?
False
Is 992729 composite?
True
Is 468958613 composite?
False
Is 45310451 composite?
True
Is 15500621 composite?
False
Is 47025241 a prime number?
False
Is 152455151 a prime number?
True
Is 1075033 a composite number?
True
Is 1425001 a prime number?
False
Is 12566737 prime?
True
Is 297021491 prime?
False
Is 15551299 a prime number?
False
Is 253910009 composite?
False
Is 645121 a prime number?
False
Is 13418417 a composite number?
False
Is 874559207 a composite number?
False
Is 979723 prime?
False
Is 160309951 a prime number?
False
Is 297457903 a prime number?
False
Is 89488001 prime?
True
Is 57004889 a prime number?
True
Is 164226401 a composite number?
False
Is 151446503 composite?
True
Is 6266023 a prime number?
True
Is 205596491 a prime number?
False
Is 155065423 a prime number?
True
Is 58987106 prime?
False
Is 2023643 a composite number?
True
Is 2226959 prime?
False
Is 59862703 prime?
True
Is 773244527 a composite number?
True
Is 3585733 a prime number?
True
Is 419022287 prime?
False
Is 812573 a prime number?
False
Is 304526953 a composite number?
False
Is 207933197 prime?
True
Is 782478061 a prime number?
False
Is 13016491 a composite number?
True
Is 383705141 a composite number?
False
Is 34391897 composite?
False
Is 222632591 a composite number?
False
Is 673879 a prime number?
True
Is 806181703 composite?
False
Is 52867583 prime?
False
Is 394320587 prime?
True
Is 158943391 composite?
False
Is 511225291 a composite number?
True
Is 6732017 a composite number?
True
Is 9480479 composite?
False
Is 12051661 a prime number?
False
Is 3450901 prime?
False
Is 13317401 a composite number?
True
Is 36694633 a composite number?
False
Is 2697469 prime?
False
Is 50164889 composite?
True
Is 939013 a prime number?
False
Is 11457157 composite?
False
Is 11063359 a composite number?
True
Is 43154071 a composite number?
False
Is 12225814 a composite number?
True
Is 5203529 composite?
False
Is 11099783 a composite number?
False
Is 2604217417 a prime number?
True
Is 299083429 composite?
False
Is 2343743 a prime number?
True
Is 262699585 a composite number?
True
Is 7547149 prime?
False
Is 11444189 a prime number?
True
Is 67143667 composite?
False
Is 32330451 a prime number?
False
Is 4458359 a composite number?
False
Is 367949 composite?
False
Is 11641013 prime?
False
Is 35769403 a prime number?
True
Is 1935533 prime?
True
Is 1761289 prime?
True
Is 3026417 prime?
True
Is 1040263 a composite number?
True
Is 7745091 composite?
True
Is 5959721 a composite number?
False
Is 2204921 composite?
True
Is 3352883 a prime number?
False
Is 41137583 composite?
False
Is 840826127 prime?
False
Is 854167 a composite number?
True
Is 127150709 a composite number?
True
Is 15447001 prime?
True
Is 12910831 a prime number?
False
Is 480929 prime?
True
Is 18194879 prime?
False
Is 18880157 prime?
True
Is 137996303 a prime number?
True
Is 1169844517 prime?
True
Is 72764651 composite?
False
Is 548699 a composite number?
True
Is 34872443 a prime number?
True
Is 812519005 a composite number?
True
Is 42391451 a composite number?
True
Is 254591 a prime number?
False
Is 2299433 prime?
True
Is 92443661 a composite number?
True
Is 895877 composite?
True
Is 5314301 a prime number?
True
Is 935243 composite?
False
Is 1337251351 a prime number?
True
Is 2896241 prime?
True
Is 6231229 a composite number?
True
Is 49276657 composite?
True
Is 698429 prime?
False
Is 976145 composite?
True
Is 68973653 a prime number?
False
Is 4165489 composite?
False
Is 1641301 a composite number?
False
Is 16301737 a prime number?
True
Is 9673913 prime?
True
Is 10550627 prime?
True
Is 3737933 a prime number?
True
Is 9383989 composite?
True
Is 6140803 a prime number?
True
Is 14707481 a composite number?
False
Is 1208777 prime?
True
Is 22073977 prime?
True
Is 34825033 a composite number?
False
Is 46407401 composite?
True
Is 1794719 prime?
True
Is 2492513 composite?
True
Is 16800269 a composite number?
False
Is 2182781 composite?
False
Is 6933253 a prime number?
True
Is 356265059 a composite number?
False
Is 985884685 composite?